{"id":2,"date":"2022-05-05T10:29:14","date_gmt":"2022-05-05T13:29:14","guid":{"rendered":"http:\/\/naturezabrazil.com\/?page_id=2"},"modified":"2022-06-15T16:40:24","modified_gmt":"2022-06-15T19:40:24","slug":"acai","status":"publish","type":"page","link":"https:\/\/naturezabrazil.com\/index.php\/acai\/","title":{"rendered":"A\u00e7a\u00ed"},"content":{"rendered":"\n\n\n\n<h2>Get back to the nature<br>Feel the power of A\u00e7a\u00ed<\/h2>\n\n\n\n<h2><br><\/h2>\n\n\n\n\n\n\n\n<p style=\"text-align: center; line-height: 1.5; font-size: medium;\"><span style=\"font-family: Montserrat; font-size: x-large; color: rgb(255, 255, 255);\">A\u00e7a\u00ed is the main element of all our products.\n<\/span><\/p>\n\n\n<p style=\"text-align: center; line-height: 1.5; font-size: medium;\"><span style=\"font-family: Montserrat; font-size: x-large; color: rgb(255, 255, 255);\">With A\u00e7a\u00ed your hair comes back to life<\/span><\/p>\n\n\n\n\n\n\n\n<h2>About Natureza Brazil<\/h2>\n\n<span style=\"color:#ffffff;\"><span style=\"color:#ffffff;\"><h2><span style=\"color:#ffffff;\">Natureza Brazil is a Brazilian, 100% vegan and cruelty free brand. Nature and health are the two most valuable elements for all our creations.<\/span> <br><\/h2><h2 style=\"text-decoration-style: initial;\"><\/h2><\/span><h2 style=\"text-decoration-style: initial; color: rgb(255, 255, 255);\">And based on this concept, we developed all our products with A\u00e7a\u00ed as the main ingredient. A\u00e7a\u00ed promotes youth, cure and rejuvenation for all hair types, and that is what we look for.<\/h2><\/span><h2 style=\"text-decoration-style: initial;\"><\/h2>\n\n\n\n\n\n\n\n<h2><strong>Know our Products<\/strong><\/h2>\n\n\n\n\n\n\n\n\n\n<h2 style=\"color: rgb(255, 255, 255);\">A\u00c7A\u00cd<strong><br>MINERAL<\/strong><br>SHAMPOO<\/h2>\n\n<p style=\"color: rgb(255, 255, 255); text-align: center;\">Formula developed with quality ingredients highlighting the superfood, a\u00e7ai, packed with antioxidant properties that revitalize and nourish the hair leaving a shiny and healthy finish<\/p>\n\n\n\n<h2 style=\"color: rgb(255, 255, 255);\">&nbsp; &nbsp; &nbsp; &nbsp;Deep Cleanse<\/h2>\n<h2 style=\"color: rgb(255, 255, 255);\">Removes urban pollutants <br>from hair<\/h2>\n\n\n\n<h2 style=\"color: rgb(255, 255, 255);\">&nbsp; &nbsp; &nbsp;Caring<\/h2>\n<h2 style=\"color: rgb(255, 255, 255);\">Avoids and Prevents <br>Hair Loss<\/h2>\n\n\n\n<h2 style=\"color: rgb(255, 255, 255);\">&nbsp; &nbsp; &nbsp; Safe<\/h2>\n<h2 style=\"color: rgb(255, 255, 255);\">Vegan and Cruelty free<\/h2>\n\n\n\n\n\n\n\n\n<h2 style=\"color: rgb(255, 255, 255);\"><strong>A\u00c7A\u00cd <br>MINERAL<br>CONDITIONER<\/strong><\/h2>\n\n<p style=\"color: rgb(124, 122, 196); text-align: center;\">Formula enriched with a\u00e7ai that seals in moisture for daily maintenance and hydration. Leaves hair shiny and silky smooth from the first use<\/p>\n\n\n\n\n<h2>&nbsp; &nbsp; &nbsp; Hydration<\/h2>\n\n\n<h2>Deep moisturing <br>and nourishing<\/h2>\n\n\n\n\n\n<h2>&nbsp; &nbsp; &nbsp; Youth<\/h2>\n\n\n<h2>Anti-aging<br>benefits<\/h2>\n\n\n\n\n\n<h2>&nbsp; &nbsp; &nbsp; Safe<\/h2>\n\n\n<h2>Vegan and Cruelty free<\/h2>\n\n\n<h2>Vegan and Cruelty free<\/h2>\n\n\n\n\n\n\n\n\n\n\n\n\n\n\n<h2 style=\"color: rgb(255, 255, 255);\">A\u00c7A\u00cd<strong><br>MINERAL<\/strong><br>LEAVE IN<\/h2>\n\n<p style=\"color: rgb(255, 255, 255); text-align: center;\">Daily protection for all the challenges provided by our routine. Our Leave In defends the hair shaft against pollution, impurities and thermal processes. Also provides softness and lightness to the hair and a\u00e7ai nourishes with lasting results you can see all day.<\/p>\n\n\n\n<h2 style=\"color: rgb(255, 255, 255);\">&nbsp; &nbsp; &nbsp;Renewal<\/h2>\n<h2 style=\"color: rgb(255, 255, 255);\">Seals hair<br>&nbsp;double end<\/h2>\n\n\n\n\n&nbsp; &nbsp; &nbsp; &nbsp;Daily Frinend\n\n<h2 style=\"color: rgb(255, 255, 255);\">Anti Frizz<br>&nbsp;agent<\/h2>\n\n\n\n<h2 style=\"color: rgb(255, 255, 255);\">&nbsp; &nbsp; &nbsp; &nbsp;Safe<\/h2>\n<h2 style=\"color: rgb(255, 255, 255);\">Vegan and Cruelty free<\/h2>\n\n\n\n\n\n\n\n\n<h2 style=\"color: rgb(255, 255, 255);\"><strong>A\u00c7A\u00cd <br>MINERAL<br>MASK<\/strong><\/h2>\n\n<p style=\"color: rgb(124, 122, 196); text-align: center;\">Reconstructs and deeply hydrates with each use. Continuously improves hair quality thanks to carefully selected active ingredients that, combined with a\u00e7ai, replenish daily hair loss and guarantee the health of the hair fiber.<\/p>\n\n\n\n\n<h2>&nbsp; &nbsp; Cure<\/h2>\n\n\n<h2>Reverses harm caused by sun <br>and chemical treatments<\/h2>\n\n\n\n\n\n<h2>&nbsp; &nbsp; &nbsp;Shiny<\/h2>\n\n\n<h2>Brings shine and moisture <br>back to the hair<\/h2>\n\n\n\n\n\n<h2>&nbsp; &nbsp; &nbsp; Safe<\/h2>\n\n\n<h2>Vegan and Cruelty free<\/h2>\n\n\n\n\n\n\n\n\n\n\n<h2 style=\"color: rgb(255, 255, 255);\">Natureza Brazil<\/h2>\n<h2 style=\"color: rgb(255, 255, 255);\">all rights reserved \u00a9<\/h2>\n\n\n\n<p style=\"font-family: Montserrat; color: rgb(255, 255, 255); text-align: right;\">Talk to us:<\/p>\n\n\n<p style=\"font-family: Montserrat; color: rgb(255, 255, 255); text-align: right;\">info@naturezabrazil.com<\/p>\n\n\n\n","protected":false},"excerpt":{"rendered":"","protected":false},"author":1,"featured_media":0,"parent":0,"menu_order":0,"comment_status":"closed","ping_status":"closed","template":"","meta":{"disable_featured_image":false,"footnotes":""},"class_list":["post-2","page","type-page","status-publish","hentry"],"_links":{"self":[{"href":"https:\/\/naturezabrazil.com\/index.php\/wp-json\/wp\/v2\/pages\/2","targetHints":{"allow":["GET"]}}],"collection":[{"href":"https:\/\/naturezabrazil.com\/index.php\/wp-json\/wp\/v2\/pages"}],"about":[{"href":"https:\/\/naturezabrazil.com\/index.php\/wp-json\/wp\/v2\/types\/page"}],"author":[{"embeddable":true,"href":"https:\/\/naturezabrazil.com\/index.php\/wp-json\/wp\/v2\/users\/1"}],"replies":[{"embeddable":true,"href":"https:\/\/naturezabrazil.com\/index.php\/wp-json\/wp\/v2\/comments?post=2"}],"version-history":[{"count":89,"href":"https:\/\/naturezabrazil.com\/index.php\/wp-json\/wp\/v2\/pages\/2\/revisions"}],"predecessor-version":[{"id":799,"href":"https:\/\/naturezabrazil.com\/index.php\/wp-json\/wp\/v2\/pages\/2\/revisions\/799"}],"wp:attachment":[{"href":"https:\/\/naturezabrazil.com\/index.php\/wp-json\/wp\/v2\/media?parent=2"}],"curies":[{"name":"wp","href":"https:\/\/api.w.org\/{rel}","templated":true}]}}